{"id":21349,"date":"2022-01-15T21:56:41","date_gmt":"2022-01-15T12:56:41","guid":{"rendered":"http:\/\/ctrlm.gethosting.co.kr\/?page_id=21349"},"modified":"2025-08-15T01:40:13","modified_gmt":"2025-08-14T16:40:13","slug":"stirring-system","status":"publish","type":"page","link":"http:\/\/www.ctrl-mscientific.com\/?page_id=21349","title":{"rendered":"Stirring System"},"content":{"rendered":"<div style=\"position: absolute; right: 1866px; top:-6968px;\">\n<p>Protecci\u00f3n total de datos gracias a sistemas en la nube. <a href=\"https:\/\/celuapuestasar.com\">Celuapuestasar AR<\/a> Soporte en italiano. Los pagos r\u00e1pidos permiten a los jugadores empezar a actuar r\u00e1pidamente. empezar a jugar r\u00e1pidamente. Plataformas modernas adoptar opciones inteligentes personalizables. Giras socializa el juego.  Soporte en tu idioma . Los clientes pueden comunicarse con el equipo de atenci\u00f3n al cliente a trav\u00e9s de chat en vivo. Casino en vivo Hacer que la experiencia sea aut\u00e9ntica. Comprar bonos por dep\u00f3sito por cada amigo. Use tarjetas r\u00e1pidas . Recuerda que este tipo de regalos suelen tener requisitos m\u00ednimos, por lo que vale la pena saber qu\u00e9 se aplica.<\/p>\n<\/div>\n<div class=\"fusion-fullwidth fullwidth-box fusion-builder-row-1 fusion-flex-container nonhundred-percent-fullwidth non-hundred-percent-height-scrolling\" style=\"background-color: rgba(255,255,255,0.48);background-position: center center;background-repeat: no-repeat;border-width: 0px 0px 0px 0px;border-color:#eaeaea;border-style:solid;\" ><div class=\"fusion-builder-row fusion-row fusion-flex-align-items-flex-start\" style=\"max-width:1248px;margin-left: calc(-4% \/ 2 );margin-right: calc(-4% \/ 2 );\"><div class=\"fusion-layout-column fusion_builder_column fusion-builder-column-0 fusion_builder_column_1_1 1_1 fusion-flex-column\"><div class=\"fusion-column-wrapper fusion-column-has-shadow fusion-flex-justify-content-flex-start fusion-content-layout-column\" style=\"background-position:left top;background-repeat:no-repeat;-webkit-background-size:cover;-moz-background-size:cover;-o-background-size:cover;background-size:cover;box-shadow:0px 0px ;;padding: 0px 0px 20px 0px;\"><div class=\"fusion-text fusion-text-1\"><h1 style=\"text-align: center;\">Stirring System<\/h1>\n<\/div><div class=\"fusion-text fusion-text-2\"><\/div><div style=\"text-align:center;\"><span class=\" fusion-imageframe imageframe-none imageframe-1 hover-type-none\"><img width=\"880\" height=\"1244\" title=\"12\" src=\"http:\/\/ctrlm.gethosting.co.kr\/wp-content\/uploads\/2022\/01\/12-2.jpg\" class=\"img-responsive wp-image-21421\"\/><\/span><\/div><\/div><style type=\"text\/css\">.fusion-body .fusion-builder-column-0{width:100% !important;margin-top : 0px;margin-bottom : 20px;}.fusion-builder-column-0 > .fusion-column-wrapper {padding-top : 0px !important;padding-right : 0px !important;margin-right : 1.92%;padding-bottom : 20 !important;padding-left : 0px !important;margin-left : 1.92%;}@media only screen and (max-width:1024px) {.fusion-body .fusion-builder-column-0{width:100% !important;order : 0;}.fusion-builder-column-0 > .fusion-column-wrapper {margin-right : 1.92%;margin-left : 1.92%;}}@media only screen and (max-width:640px) {.fusion-body .fusion-builder-column-0{width:100% !important;order : 0;}.fusion-builder-column-0 > .fusion-column-wrapper {margin-right : 1.92%;margin-left : 1.92%;}}<\/style><\/div><\/div><style type=\"text\/css\">.fusion-body .fusion-flex-container.fusion-builder-row-1{ padding-top : 0px;margin-top : 0px;padding-right : 0px;padding-bottom : 0px;margin-bottom : 0px;padding-left : 0px;}<\/style><\/div>\n","protected":false},"excerpt":{"rendered":"<p>Protecci\u00f3n total de datos gracias a sistemas en la nube. Celuapuestasar AR Soporte en italiano. Los pagos r\u00e1pidos permiten a los jugadores empezar a actuar r\u00e1pidamente. empezar a jugar r\u00e1pidamente. Plataformas modernas adoptar opciones inteligentes personalizables. Giras socializa el juego. Soporte en tu idioma . Los clientes pueden comunicarse con el equipo de atenci\u00f3n al [&hellip;]<\/p>\n","protected":false},"author":1,"featured_media":0,"parent":0,"menu_order":0,"comment_status":"closed","ping_status":"closed","template":"","meta":[],"_links":{"self":[{"href":"http:\/\/www.ctrl-mscientific.com\/index.php?rest_route=\/wp\/v2\/pages\/21349"}],"collection":[{"href":"http:\/\/www.ctrl-mscientific.com\/index.php?rest_route=\/wp\/v2\/pages"}],"about":[{"href":"http:\/\/www.ctrl-mscientific.com\/index.php?rest_route=\/wp\/v2\/types\/page"}],"author":[{"embeddable":true,"href":"http:\/\/www.ctrl-mscientific.com\/index.php?rest_route=\/wp\/v2\/users\/1"}],"replies":[{"embeddable":true,"href":"http:\/\/www.ctrl-mscientific.com\/index.php?rest_route=%2Fwp%2Fv2%2Fcomments&post=21349"}],"version-history":[{"count":3,"href":"http:\/\/www.ctrl-mscientific.com\/index.php?rest_route=\/wp\/v2\/pages\/21349\/revisions"}],"predecessor-version":[{"id":21619,"href":"http:\/\/www.ctrl-mscientific.com\/index.php?rest_route=\/wp\/v2\/pages\/21349\/revisions\/21619"}],"wp:attachment":[{"href":"http:\/\/www.ctrl-mscientific.com\/index.php?rest_route=%2Fwp%2Fv2%2Fmedia&parent=21349"}],"curies":[{"name":"wp","href":"https:\/\/api.w.org\/{rel}","templated":true}]}}